{"id":547,"date":"2021-05-19T17:07:53","date_gmt":"2021-05-19T16:07:53","guid":{"rendered":"https:\/\/www.la-vitrolle.fr\/vin\/?page_id=547"},"modified":"2026-03-12T11:41:00","modified_gmt":"2026-03-12T10:41:00","slug":"situation-contact-vin-de-pays-domaine-de-la-vitrolle","status":"publish","type":"page","link":"https:\/\/www.la-vitrolle.fr\/vin\/situation-contact-vin-de-pays-domaine-de-la-vitrolle\/","title":{"rendered":"Situation-Contact"},"content":{"rendered":"<div  class='av_gmaps_sc_main_wrap av_gmaps_main_wrap '><div id='av_gmap_0' class='avia-google-map-container avia-google-map-sc av_gmaps_show_unconditionally av-no-fallback-img ' data-mapid='av_gmap_0'  style='height: 400px;'><a class=\"av_gmaps_browser_disabled av_text_confirm_link av_text_confirm_link_visible\" href=\"https:\/\/www.google.com\/maps\/search\/?api=1&#038;query=44.8952778,0.903611111\" target=\"_blank\">Les cartes ont \u00e9t\u00e9 d\u00e9sactiv\u00e9es par le visiteur sur ce site. Cliquer pour ouvrir la carte dans une nouvelle fen\u00eatre.<\/a><\/div><\/div>\n<div id='av_section_1'  class='avia-section av-7wxehj-0480c172dbc59a9b28bc01ebb5143006 main_color avia-section-default avia-no-border-styling  avia-builder-el-1  el_after_av_google_map  avia-builder-el-last  avia-bg-style-scroll container_wrap sidebar_right'  ><div class='container av-section-cont-open' ><div class='template-page content  av-content-small alpha units'><div class='post-entry post-entry-type-page post-entry-547'><div class='entry-content-wrapper clearfix'>\n<div  class='flex_column av-5a4567-4ad630f041dd1190cbdd180c1e491dea av_one_half  avia-builder-el-2  el_before_av_one_half  avia-builder-el-first  first flex_column_div  '     ><p>\n<style type=\"text\/css\" data-created_by=\"avia_inline_auto\" id=\"style-css-av-k1bv8n46-bb9a2d8361318c98ea446d93e0684f06\">\n#top .av-special-heading.av-k1bv8n46-bb9a2d8361318c98ea446d93e0684f06{\npadding-bottom:10px;\ncolor:#a1609e;\nfont-size:38px;\n}\nbody .av-special-heading.av-k1bv8n46-bb9a2d8361318c98ea446d93e0684f06 .av-special-heading-tag .heading-char{\nfont-size:25px;\n}\n#top #wrap_all .av-special-heading.av-k1bv8n46-bb9a2d8361318c98ea446d93e0684f06 .av-special-heading-tag{\nfont-size:38px;\n}\n.av-special-heading.av-k1bv8n46-bb9a2d8361318c98ea446d93e0684f06 .special-heading-inner-border{\nborder-color:#a1609e;\n}\n.av-special-heading.av-k1bv8n46-bb9a2d8361318c98ea446d93e0684f06 .av-subheading{\nfont-size:15px;\n}\n\n@media only screen and (min-width: 480px) and (max-width: 767px){ \n#top #wrap_all .av-special-heading.av-k1bv8n46-bb9a2d8361318c98ea446d93e0684f06 .av-special-heading-tag{\nfont-size:0.8em;\n}\n}\n\n@media only screen and (max-width: 479px){ \n#top #wrap_all .av-special-heading.av-k1bv8n46-bb9a2d8361318c98ea446d93e0684f06 .av-special-heading-tag{\nfont-size:0.8em;\n}\n}\n<\/style>\n<div  class='av-special-heading av-k1bv8n46-bb9a2d8361318c98ea446d93e0684f06 av-special-heading-h2 custom-color-heading blockquote modern-quote  avia-builder-el-3  el_before_av_iconlist  avia-builder-el-first  av-inherit-size av-linked-heading'><h2 class='av-special-heading-tag '  itemprop=\"headline\"  >Pour nous contacter<\/h2><div class=\"special-heading-border\"><div class=\"special-heading-inner-border\"><\/div><\/div><\/div><br \/>\n\n<style type=\"text\/css\" data-created_by=\"avia_inline_auto\" id=\"style-css-av-k18241oa-964347601513701793a5ffc15ddc83c6\">\n#top .avia-icon-list-container.av-k18241oa-964347601513701793a5ffc15ddc83c6 .iconlist_icon{\nfont-size:20px;\n}\n#top .avia-icon-list-container.av-k18241oa-964347601513701793a5ffc15ddc83c6 .iconlist_icon svg:first-child{\nheight:20px;\nwidth:20px;\n}\n#top #wrap_all .avia-icon-list-container.av-k18241oa-964347601513701793a5ffc15ddc83c6 .av_iconlist_title{\nfont-size:20px;\n}\n<\/style>\n<div  class='avia-icon-list-container av-k18241oa-964347601513701793a5ffc15ddc83c6  avia-builder-el-4  el_after_av_heading  el_before_av_image '><ul class='avia-icon-list avia_animate_when_almost_visible avia-icon-list-left av-iconlist-small av-k18241oa-964347601513701793a5ffc15ddc83c6 avia-iconlist-animate'>\n<li><div class='iconlist_icon av-echnb-de3ebddcbaef1fbf66d958e916e732ae avia-font-entypo-fontello avia-iconfont avia-font-entypo-fontello'><span class='av-icon-char' data-av_icon='\ue821' data-av_iconfont='entypo-fontello' aria-hidden=\"true\"><\/span><\/div><article class=\"article-icon-entry av-iconlist-empty\"  itemscope=\"itemscope\" itemtype=\"https:\/\/schema.org\/CreativeWork\" ><div class=\"iconlist_content_wrap\"><header class=\"entry-content-header\" aria-label=\"Ic\u00f4ne : SCEA DOMAINE DE LA VITROLLE \"><div class='av_iconlist_title iconlist_title_small  '  itemprop=\"headline\" >SCEA DOMAINE DE LA VITROLLE <\/div><\/header><div class='iconlist_content '  itemprop=\"text\" ><\/div><\/div><footer class=\"entry-footer\"><\/footer><\/article><div class=\"iconlist-timeline\"><\/div><\/li>\n<li><div class='iconlist_icon av-anpjz-14f9eddf47f2633cf37d7a51153b4a1e avia-font-entypo-fontello avia-iconfont avia-font-entypo-fontello'><span class='av-icon-char' data-av_icon='\ue841' data-av_iconfont='entypo-fontello' aria-hidden=\"true\"><\/span><\/div><article class=\"article-icon-entry av-iconlist-empty\"  itemscope=\"itemscope\" itemtype=\"https:\/\/schema.org\/CreativeWork\" ><div class=\"iconlist_content_wrap\"><header class=\"entry-content-header\" aria-label=\"Ic\u00f4ne : 24510 LIMEUIL - FRANCE\"><div class='av_iconlist_title iconlist_title_small  '  itemprop=\"headline\" >24510 LIMEUIL - FRANCE<\/div><\/header><div class='iconlist_content '  itemprop=\"text\" ><\/div><\/div><footer class=\"entry-footer\"><\/footer><\/article><div class=\"iconlist-timeline\"><\/div><\/li>\n<li><div class='iconlist_icon av-gh11r-0969bb174e48de12765c3d6a26c91a0a avia-font-awesome avia-iconfont avia-font-awesome'><span class='av-icon-char' data-av_icon='\ue800' data-av_iconfont='awesome' aria-hidden=\"true\"><\/span><\/div><article class=\"article-icon-entry av-iconlist-empty\"  itemscope=\"itemscope\" itemtype=\"https:\/\/schema.org\/CreativeWork\" ><div class=\"iconlist_content_wrap\"><header class=\"entry-content-header\" aria-label=\"Ic\u00f4ne : &lt;a href=&quot;tel:33.553615858&quot;&gt;05 53 61 58 58&lt;\/a&gt;\"><div class='av_iconlist_title iconlist_title_small  '  itemprop=\"headline\" ><a href=\"tel:33.553615858\">05 53 61 58 58<\/a><\/div><\/header><div class='iconlist_content '  itemprop=\"text\" ><\/div><\/div><footer class=\"entry-footer\"><\/footer><\/article><div class=\"iconlist-timeline\"><\/div><\/li>\n<li><div class='iconlist_icon av-8ph07-e2ad0ec27f43508257266aa5a8188d72 avia-font-entypo-fontello avia-iconfont avia-font-entypo-fontello'><span class='av-icon-char' data-av_icon='\ue805' data-av_iconfont='entypo-fontello' aria-hidden=\"true\"><\/span><\/div><article class=\"article-icon-entry av-iconlist-empty\"  itemscope=\"itemscope\" itemtype=\"https:\/\/schema.org\/CreativeWork\" ><div class=\"iconlist_content_wrap\"><header class=\"entry-content-header\" aria-label=\"Ic\u00f4ne : &lt;a href=&quot;mailto:lavitrolle.chai@orange.fr&quot;&gt;lavitrolle.chai@orange.fr&lt;\/a&gt;\"><div class='av_iconlist_title iconlist_title_small  '  itemprop=\"headline\" ><a href=\"mailto:lavitrolle.chai@orange.fr\">lavitrolle.chai@orange.fr<\/a><\/div><\/header><div class='iconlist_content '  itemprop=\"text\" ><\/div><\/div><footer class=\"entry-footer\"><\/footer><\/article><div class=\"iconlist-timeline\"><\/div><\/li>\n<li><div class='iconlist_icon av-8ph07-1-57f5d2aaf092a7f12d749b0a16be91fe avia-font-entypo-fontello avia-iconfont avia-font-entypo-fontello'><span class='av-icon-char' data-av_icon='\ue842' data-av_iconfont='entypo-fontello' aria-hidden=\"true\"><\/span><\/div><article class=\"article-icon-entry av-iconlist-empty\"  itemscope=\"itemscope\" itemtype=\"https:\/\/schema.org\/CreativeWork\" ><div class=\"iconlist_content_wrap\"><header class=\"entry-content-header\" aria-label=\"Ic\u00f4ne : 44\u00b0 53\u2032 43\u2033 N \u2013 0\u00b0 54\u2032 13\u2033 E\"><div class='av_iconlist_title iconlist_title_small  '  itemprop=\"headline\" >44\u00b0 53\u2032 43\u2033 N \u2013 0\u00b0 54\u2032 13\u2033 E<\/div><\/header><div class='iconlist_content '  itemprop=\"text\" ><\/div><\/div><footer class=\"entry-footer\"><\/footer><\/article><div class=\"iconlist-timeline\"><\/div><\/li>\n<\/ul><\/div><br \/>\n\n<style type=\"text\/css\" data-created_by=\"avia_inline_auto\" id=\"style-css-av-k1935k0r-630ff01f6187f53001785b9b9b7d5109\">\n.avia-image-container.av-k1935k0r-630ff01f6187f53001785b9b9b7d5109 img.avia_image{\nbox-shadow:none;\n}\n.avia-image-container.av-k1935k0r-630ff01f6187f53001785b9b9b7d5109 .av-image-caption-overlay-center{\ncolor:#ffffff;\n}\n<\/style>\n<div  class='avia-image-container av-k1935k0r-630ff01f6187f53001785b9b9b7d5109 av-styling- avia-align-center  avia-builder-el-5  el_after_av_iconlist  el_before_av_textblock '   itemprop=\"image\" itemscope=\"itemscope\" itemtype=\"https:\/\/schema.org\/ImageObject\" ><div class=\"avia-image-container-inner\"><div class=\"avia-image-overlay-wrap\"><img decoding=\"async\" fetchpriority=\"high\" class='wp-image-1263 avia-img-lazy-loading-not-1263 avia_image ' src=\"https:\/\/www.la-vitrolle.fr\/vin\/wp-content\/uploads\/2021\/09\/slide-vignoble-00.jpg\" alt='Chai Domaine de la Vitrolle vin de pays du P\u00e9rigord' title='Chai Domaine de la Vitrolle vin de pays du P\u00e9rigord'  height=\"600\" width=\"900\"  itemprop=\"thumbnailUrl\" srcset=\"https:\/\/www.la-vitrolle.fr\/vin\/wp-content\/uploads\/2021\/09\/slide-vignoble-00.jpg 900w, https:\/\/www.la-vitrolle.fr\/vin\/wp-content\/uploads\/2021\/09\/slide-vignoble-00-300x200.jpg 300w, https:\/\/www.la-vitrolle.fr\/vin\/wp-content\/uploads\/2021\/09\/slide-vignoble-00-768x512.jpg 768w, https:\/\/www.la-vitrolle.fr\/vin\/wp-content\/uploads\/2021\/09\/slide-vignoble-00-705x470.jpg 705w\" sizes=\"(max-width: 900px) 100vw, 900px\" \/><\/div><\/div><\/div><br \/>\n<section  class='av_textblock_section av-knq0xq3n-70039263e7da6b737911d629ea8e160b '   itemscope=\"itemscope\" itemtype=\"https:\/\/schema.org\/CreativeWork\" ><div class='avia_textblock'  itemprop=\"text\" ><p><em><strong>Domaine de La Vitrolle : Vins de pays du P\u00e9rigord IGP (Indication g\u00e9ographique prot\u00e9g\u00e9e).<\/strong><br \/>\nVin rouge Domaine de La Vitrolle, Vin rouge Demoiselle de Limeuil, Vin ros\u00e9 des Pierrailles, Vin blanc moelleux et Vin et blanc sec Chevalier de la Demoiselle.<\/em><\/p>\n<\/div><\/section><\/p><\/div><div  class='flex_column av-5a4567-2-3e97e84cf00665a1c6639c59f2cbb70d av_one_half  avia-builder-el-7  el_after_av_one_half  avia-builder-el-last  flex_column_div  '     ><form action=\"https:\/\/www.la-vitrolle.fr\/vin\/situation-contact-vin-de-pays-domaine-de-la-vitrolle\/\" method=\"post\" data-fields-with-error=\"Erreurs trouv\u00e9es dans les champs suivants :\" class=\"avia_ajax_form av-form-labels-visible   avia-builder-el-8  avia-builder-el-no-sibling   \" data-avia-form-id=\"1\" data-avia-redirect='' ><fieldset><p class='  first_form  form_element form_element_half' id='element_avia_1_1'><label for=\"avia_1_1\">Nom <abbr class=\"required\" title=\"requis(e)\">*<\/abbr><\/label> <input name=\"avia_1_1\" class=\"text_input is_empty\" type=\"text\" id=\"avia_1_1\" value=\"\" \/><\/p><p class='  form_element form_element_half' id='element_avia_2_1'><label for=\"avia_2_1\">T\u00e9l\u00e9phone <abbr class=\"required\" title=\"requis(e)\">*<\/abbr><\/label> <input name=\"avia_2_1\" class=\"text_input is_empty\" type=\"text\" id=\"avia_2_1\" value=\"\" \/><\/p><p class='  first_form  form_element form_fullwidth' id='element_avia_3_1'><label for=\"avia_3_1\">Email <abbr class=\"required\" title=\"requis(e)\">*<\/abbr><\/label> <input name=\"avia_3_1\" class=\"text_input is_email\" type=\"text\" id=\"avia_3_1\" value=\"\" \/><\/p><p class='  first_form  form_element form_fullwidth' id='element_avia_4_1'><label for=\"avia_4_1\" class=\"textare_label hidden textare_label_avia_4_1\">Message <abbr class=\"required\" title=\"requis(e)\">*<\/abbr><\/label><textarea  name=\"avia_4_1\" class=\"text_area is_empty\" cols=\"40\" rows=\"7\" id=\"avia_4_1\" ><\/textarea><\/p><p class='  first_form  form_element form_fullwidth' id='element_avia_5_1'><input  name=\"avia_5_1\" class=\"input_checkbox is_empty\" type=\"checkbox\" id=\"avia_5_1\" value=\"true\"\/><label class=\"input_checkbox_label\" for=\"avia_5_1\">En soumettant ce formulaire, j\u2019accepte que les informations saisies soient utilis\u00e9es pour permettre le suivi qui d\u00e9coule de ma demande. <abbr class=\"required\" title=\"requis(e)\">*<\/abbr><\/label><\/p><p class=\"hidden\"><input type=\"text\" name=\"avia_6_1\" class=\"hidden \" id=\"avia_6_1\" value=\"\" \/><\/p><div id='avia_7_1' class='av-recaptcha-area  first_form  form_element form_fullwidth '  data-container_class=\"\" data-custom_class=\"\" data-context=\"av_contact_form\" data-token_input=\"av_recaptcha_token\" data-version=\"avia_recaptcha_v3\" data-theme=\"light\" data-size=\"normal\" data-score=\"0.5\" data-text_to_preview=\"\" data-value=\"\"><div class=\"av-google-badge-message hidden\">Ce site est prot\u00e9g\u00e9 par reCAPTCHA et la <a href=\"https:\/\/policies.google.com\/privacy\" target=\"_blank\" rel=\"noopener noreferrer\">Politique de Confidentialit\u00e9<\/a> de Google et <a href=\"https:\/\/policies.google.com\/terms\" target=\"_blank\" rel=\"noopener noreferrer\">leur conditions d\u2019utilisation<\/a> s\u2019appliquent.<\/div><\/div><p class=\"form_element \"><input type=\"hidden\" value=\"1\" name=\"avia_generated_form1\" \/><input type=\"submit\" value=\"Envoyer au Domaine de La Vitrolle\" class=\"button\"  data-sending-label=\"Envoi\"\/><\/p><\/fieldset><div class=\"avia-disabled-form\">Ce formulaire est d\u00e9sactiv\u00e9 dans la mesure o\u00f9 vous refusez d\u2019accepter le service Google reCAPTCHA n\u00e9cessaire pour valider toute exp\u00e9dition de message depuis celui-ci.<\/div><\/form><div id=\"ajaxresponse_1\" class=\"ajaxresponse ajaxresponse_1 hidden\"><\/div><\/div><\/div><\/div><\/div><!-- close content main div --><\/div><\/div><div id='after_section_1'  class='main_color av_default_container_wrap container_wrap sidebar_right'  ><div class='container av-section-cont-open' ><div class='template-page content  av-content-small alpha units'><div class='post-entry post-entry-type-page post-entry-547'><div class='entry-content-wrapper clearfix'>\n","protected":false},"excerpt":{"rendered":"","protected":false},"author":3,"featured_media":0,"parent":0,"menu_order":0,"comment_status":"closed","ping_status":"closed","template":"","meta":{"footnotes":""},"class_list":["post-547","page","type-page","status-publish","hentry"],"yoast_head":"<!-- This site is optimized with the Yoast SEO plugin v27.6 - https:\/\/yoast.com\/product\/yoast-seo-wordpress\/ -->\n<title>Contacter ou acheter le vin de pays du P\u00e9rigord IGP du Domaine de La Vitrolle en Dordogne 24<\/title>\n<meta name=\"description\" content=\"Vente de vin de pays du P\u00e9rigord IGP (Indication g\u00e9ographique prot\u00e9g\u00e9e) au Domaine de la Vitrolle en Dordogne. Contactez-nous pour un conseil, pour d\u00e9guster au chai ou pour acheter l&#039;un de nos vins de pays du P\u00e9rigord : Vin rouge Domaine de La Vitrolle, Vin rouge Demoiselle de Limeuil, Vin ros\u00e9 des Pierrailles, Vin blanc moelleux et Vin et blanc sec Chevalier de la Demoiselle.\" \/>\n<meta name=\"robots\" content=\"index, follow, max-snippet:-1, max-image-preview:large, max-video-preview:-1\" \/>\n<link rel=\"canonical\" href=\"https:\/\/www.la-vitrolle.fr\/vin\/situation-contact-vin-de-pays-domaine-de-la-vitrolle\/\" \/>\n<meta property=\"og:locale\" content=\"fr_FR\" \/>\n<meta property=\"og:type\" content=\"article\" \/>\n<meta property=\"og:title\" content=\"Contacter ou acheter le vin de pays du P\u00e9rigord IGP du Domaine de La Vitrolle en Dordogne 24\" \/>\n<meta property=\"og:description\" content=\"Vente de vin de pays du P\u00e9rigord IGP (Indication g\u00e9ographique prot\u00e9g\u00e9e) au Domaine de la Vitrolle en Dordogne. Contactez-nous pour un conseil, pour d\u00e9guster au chai ou pour acheter l&#039;un de nos vins de pays du P\u00e9rigord : Vin rouge Domaine de La Vitrolle, Vin rouge Demoiselle de Limeuil, Vin ros\u00e9 des Pierrailles, Vin blanc moelleux et Vin et blanc sec Chevalier de la Demoiselle.\" \/>\n<meta property=\"og:url\" content=\"https:\/\/www.la-vitrolle.fr\/vin\/situation-contact-vin-de-pays-domaine-de-la-vitrolle\/\" \/>\n<meta property=\"og:site_name\" content=\"Domaine de La Vitrolle, vin de pays du P\u00e9rigord\" \/>\n<meta property=\"article:modified_time\" content=\"2026-03-12T10:41:00+00:00\" \/>\n<meta name=\"twitter:card\" content=\"summary_large_image\" \/>\n<meta name=\"twitter:label1\" content=\"Dur\u00e9e de lecture estim\u00e9e\" \/>\n\t<meta name=\"twitter:data1\" content=\"6 minutes\" \/>\n<script type=\"application\/ld+json\" class=\"yoast-schema-graph\">{\"@context\":\"https:\\\/\\\/schema.org\",\"@graph\":[{\"@type\":\"WebPage\",\"@id\":\"https:\\\/\\\/www.la-vitrolle.fr\\\/vin\\\/situation-contact-vin-de-pays-domaine-de-la-vitrolle\\\/\",\"url\":\"https:\\\/\\\/www.la-vitrolle.fr\\\/vin\\\/situation-contact-vin-de-pays-domaine-de-la-vitrolle\\\/\",\"name\":\"Contacter ou acheter le vin de pays du P\u00e9rigord IGP du Domaine de La Vitrolle en Dordogne 24\",\"isPartOf\":{\"@id\":\"https:\\\/\\\/www.la-vitrolle.fr\\\/vin\\\/#website\"},\"datePublished\":\"2021-05-19T16:07:53+00:00\",\"dateModified\":\"2026-03-12T10:41:00+00:00\",\"description\":\"Vente de vin de pays du P\u00e9rigord IGP (Indication g\u00e9ographique prot\u00e9g\u00e9e) au Domaine de la Vitrolle en Dordogne. Contactez-nous pour un conseil, pour d\u00e9guster au chai ou pour acheter l'un de nos vins de pays du P\u00e9rigord : Vin rouge Domaine de La Vitrolle, Vin rouge Demoiselle de Limeuil, Vin ros\u00e9 des Pierrailles, Vin blanc moelleux et Vin et blanc sec Chevalier de la Demoiselle.\",\"breadcrumb\":{\"@id\":\"https:\\\/\\\/www.la-vitrolle.fr\\\/vin\\\/situation-contact-vin-de-pays-domaine-de-la-vitrolle\\\/#breadcrumb\"},\"inLanguage\":\"fr-FR\",\"potentialAction\":[{\"@type\":\"ReadAction\",\"target\":[\"https:\\\/\\\/www.la-vitrolle.fr\\\/vin\\\/situation-contact-vin-de-pays-domaine-de-la-vitrolle\\\/\"]}]},{\"@type\":\"BreadcrumbList\",\"@id\":\"https:\\\/\\\/www.la-vitrolle.fr\\\/vin\\\/situation-contact-vin-de-pays-domaine-de-la-vitrolle\\\/#breadcrumb\",\"itemListElement\":[{\"@type\":\"ListItem\",\"position\":1,\"name\":\"Accueil\",\"item\":\"https:\\\/\\\/www.la-vitrolle.fr\\\/vin\\\/\"},{\"@type\":\"ListItem\",\"position\":2,\"name\":\"Situation-Contact\"}]},{\"@type\":\"WebSite\",\"@id\":\"https:\\\/\\\/www.la-vitrolle.fr\\\/vin\\\/#website\",\"url\":\"https:\\\/\\\/www.la-vitrolle.fr\\\/vin\\\/\",\"name\":\"Domaine de La Vitrolle, vin de pays du P\u00e9rigord\",\"description\":\"Location de manoir en Dordogne P\u00e9rigord\",\"publisher\":{\"@id\":\"https:\\\/\\\/www.la-vitrolle.fr\\\/vin\\\/#organization\"},\"potentialAction\":[{\"@type\":\"SearchAction\",\"target\":{\"@type\":\"EntryPoint\",\"urlTemplate\":\"https:\\\/\\\/www.la-vitrolle.fr\\\/vin\\\/?s={search_term_string}\"},\"query-input\":{\"@type\":\"PropertyValueSpecification\",\"valueRequired\":true,\"valueName\":\"search_term_string\"}}],\"inLanguage\":\"fr-FR\"},{\"@type\":\"Organization\",\"@id\":\"https:\\\/\\\/www.la-vitrolle.fr\\\/vin\\\/#organization\",\"name\":\"Domaine de La Vitrolle - Vin de pays du P\u00e9rigord\",\"url\":\"https:\\\/\\\/www.la-vitrolle.fr\\\/vin\\\/\",\"logo\":{\"@type\":\"ImageObject\",\"inLanguage\":\"fr-FR\",\"@id\":\"https:\\\/\\\/www.la-vitrolle.fr\\\/vin\\\/#\\\/schema\\\/logo\\\/image\\\/\",\"url\":\"https:\\\/\\\/www.la-vitrolle.fr\\\/vin\\\/wp-content\\\/uploads\\\/2021\\\/09\\\/logo-vitrolle-vin-230px.jpg\",\"contentUrl\":\"https:\\\/\\\/www.la-vitrolle.fr\\\/vin\\\/wp-content\\\/uploads\\\/2021\\\/09\\\/logo-vitrolle-vin-230px.jpg\",\"width\":230,\"height\":125,\"caption\":\"Domaine de La Vitrolle - Vin de pays du P\u00e9rigord\"},\"image\":{\"@id\":\"https:\\\/\\\/www.la-vitrolle.fr\\\/vin\\\/#\\\/schema\\\/logo\\\/image\\\/\"}}]}<\/script>\n<!-- \/ Yoast SEO plugin. -->","yoast_head_json":{"title":"Contacter ou acheter le vin de pays du P\u00e9rigord IGP du Domaine de La Vitrolle en Dordogne 24","description":"Vente de vin de pays du P\u00e9rigord IGP (Indication g\u00e9ographique prot\u00e9g\u00e9e) au Domaine de la Vitrolle en Dordogne. Contactez-nous pour un conseil, pour d\u00e9guster au chai ou pour acheter l'un de nos vins de pays du P\u00e9rigord : Vin rouge Domaine de La Vitrolle, Vin rouge Demoiselle de Limeuil, Vin ros\u00e9 des Pierrailles, Vin blanc moelleux et Vin et blanc sec Chevalier de la Demoiselle.","robots":{"index":"index","follow":"follow","max-snippet":"max-snippet:-1","max-image-preview":"max-image-preview:large","max-video-preview":"max-video-preview:-1"},"canonical":"https:\/\/www.la-vitrolle.fr\/vin\/situation-contact-vin-de-pays-domaine-de-la-vitrolle\/","og_locale":"fr_FR","og_type":"article","og_title":"Contacter ou acheter le vin de pays du P\u00e9rigord IGP du Domaine de La Vitrolle en Dordogne 24","og_description":"Vente de vin de pays du P\u00e9rigord IGP (Indication g\u00e9ographique prot\u00e9g\u00e9e) au Domaine de la Vitrolle en Dordogne. Contactez-nous pour un conseil, pour d\u00e9guster au chai ou pour acheter l'un de nos vins de pays du P\u00e9rigord : Vin rouge Domaine de La Vitrolle, Vin rouge Demoiselle de Limeuil, Vin ros\u00e9 des Pierrailles, Vin blanc moelleux et Vin et blanc sec Chevalier de la Demoiselle.","og_url":"https:\/\/www.la-vitrolle.fr\/vin\/situation-contact-vin-de-pays-domaine-de-la-vitrolle\/","og_site_name":"Domaine de La Vitrolle, vin de pays du P\u00e9rigord","article_modified_time":"2026-03-12T10:41:00+00:00","twitter_card":"summary_large_image","twitter_misc":{"Dur\u00e9e de lecture estim\u00e9e":"6 minutes"},"schema":{"@context":"https:\/\/schema.org","@graph":[{"@type":"WebPage","@id":"https:\/\/www.la-vitrolle.fr\/vin\/situation-contact-vin-de-pays-domaine-de-la-vitrolle\/","url":"https:\/\/www.la-vitrolle.fr\/vin\/situation-contact-vin-de-pays-domaine-de-la-vitrolle\/","name":"Contacter ou acheter le vin de pays du P\u00e9rigord IGP du Domaine de La Vitrolle en Dordogne 24","isPartOf":{"@id":"https:\/\/www.la-vitrolle.fr\/vin\/#website"},"datePublished":"2021-05-19T16:07:53+00:00","dateModified":"2026-03-12T10:41:00+00:00","description":"Vente de vin de pays du P\u00e9rigord IGP (Indication g\u00e9ographique prot\u00e9g\u00e9e) au Domaine de la Vitrolle en Dordogne. Contactez-nous pour un conseil, pour d\u00e9guster au chai ou pour acheter l'un de nos vins de pays du P\u00e9rigord : Vin rouge Domaine de La Vitrolle, Vin rouge Demoiselle de Limeuil, Vin ros\u00e9 des Pierrailles, Vin blanc moelleux et Vin et blanc sec Chevalier de la Demoiselle.","breadcrumb":{"@id":"https:\/\/www.la-vitrolle.fr\/vin\/situation-contact-vin-de-pays-domaine-de-la-vitrolle\/#breadcrumb"},"inLanguage":"fr-FR","potentialAction":[{"@type":"ReadAction","target":["https:\/\/www.la-vitrolle.fr\/vin\/situation-contact-vin-de-pays-domaine-de-la-vitrolle\/"]}]},{"@type":"BreadcrumbList","@id":"https:\/\/www.la-vitrolle.fr\/vin\/situation-contact-vin-de-pays-domaine-de-la-vitrolle\/#breadcrumb","itemListElement":[{"@type":"ListItem","position":1,"name":"Accueil","item":"https:\/\/www.la-vitrolle.fr\/vin\/"},{"@type":"ListItem","position":2,"name":"Situation-Contact"}]},{"@type":"WebSite","@id":"https:\/\/www.la-vitrolle.fr\/vin\/#website","url":"https:\/\/www.la-vitrolle.fr\/vin\/","name":"Domaine de La Vitrolle, vin de pays du P\u00e9rigord","description":"Location de manoir en Dordogne P\u00e9rigord","publisher":{"@id":"https:\/\/www.la-vitrolle.fr\/vin\/#organization"},"potentialAction":[{"@type":"SearchAction","target":{"@type":"EntryPoint","urlTemplate":"https:\/\/www.la-vitrolle.fr\/vin\/?s={search_term_string}"},"query-input":{"@type":"PropertyValueSpecification","valueRequired":true,"valueName":"search_term_string"}}],"inLanguage":"fr-FR"},{"@type":"Organization","@id":"https:\/\/www.la-vitrolle.fr\/vin\/#organization","name":"Domaine de La Vitrolle - Vin de pays du P\u00e9rigord","url":"https:\/\/www.la-vitrolle.fr\/vin\/","logo":{"@type":"ImageObject","inLanguage":"fr-FR","@id":"https:\/\/www.la-vitrolle.fr\/vin\/#\/schema\/logo\/image\/","url":"https:\/\/www.la-vitrolle.fr\/vin\/wp-content\/uploads\/2021\/09\/logo-vitrolle-vin-230px.jpg","contentUrl":"https:\/\/www.la-vitrolle.fr\/vin\/wp-content\/uploads\/2021\/09\/logo-vitrolle-vin-230px.jpg","width":230,"height":125,"caption":"Domaine de La Vitrolle - Vin de pays du P\u00e9rigord"},"image":{"@id":"https:\/\/www.la-vitrolle.fr\/vin\/#\/schema\/logo\/image\/"}}]}},"_links":{"self":[{"href":"https:\/\/www.la-vitrolle.fr\/vin\/wp-json\/wp\/v2\/pages\/547","targetHints":{"allow":["GET"]}}],"collection":[{"href":"https:\/\/www.la-vitrolle.fr\/vin\/wp-json\/wp\/v2\/pages"}],"about":[{"href":"https:\/\/www.la-vitrolle.fr\/vin\/wp-json\/wp\/v2\/types\/page"}],"author":[{"embeddable":true,"href":"https:\/\/www.la-vitrolle.fr\/vin\/wp-json\/wp\/v2\/users\/3"}],"replies":[{"embeddable":true,"href":"https:\/\/www.la-vitrolle.fr\/vin\/wp-json\/wp\/v2\/comments?post=547"}],"version-history":[{"count":1,"href":"https:\/\/www.la-vitrolle.fr\/vin\/wp-json\/wp\/v2\/pages\/547\/revisions"}],"predecessor-version":[{"id":1399,"href":"https:\/\/www.la-vitrolle.fr\/vin\/wp-json\/wp\/v2\/pages\/547\/revisions\/1399"}],"wp:attachment":[{"href":"https:\/\/www.la-vitrolle.fr\/vin\/wp-json\/wp\/v2\/media?parent=547"}],"curies":[{"name":"wp","href":"https:\/\/api.w.org\/{rel}","templated":true}]}}